at is the greatest common divisor of x and 18?
9
Let x be (-63)/2 - 15/(-30). Let i = x + 40. Calculate the highest common divisor of 81 and i.
9
Suppose -3*g + 37 = 2*x, 2*g - 2*x = x + 3. Calculate the greatest common divisor of g and 9.
9
Suppose -h - 2305 = -4*w, 4*h - 5*h - 2*w = 2299. Let s be (-4)/14 + h/(-91). Let u = 8 - 3. What is the highest common factor of u and s?
5
Let u(l) = l**2 - 13*l + 40. Let h be u(23). Suppose 4*w - h = 370. Calculate the highest common divisor of w and 40.
40
Let n be (-24)/10*65/2. Let u = -18 - n. Calculate the highest common factor of 15 and u.
15
Let v(w) = 110*w**2 - 2*w. Let f be v(1). Calculate the greatest common divisor of f and 135.
27
Suppose -2*b - 6 = 0, -2*k - 2*k + 3*b = -93. What is the greatest common divisor of k and 203?
7
Suppose 120 = -5*v + 9*v. Calculate the greatest common divisor of v and 20.
10
Let r = -19 - -33. Let t = -33 - -21. Let l = 58 - t. What is the greatest common divisor of r and l?
14
Let h(x) = -x + 1. Let i(m) = 8*m - 6. Let b(n) = -10*h(n) - i(n). Let t be b(18). Calculate the highest common divisor of 16 and t.
16
Suppose n + 90 = 2*p, n + n + 223 = 5*p. Suppose 840 = 47*z - p*z. Calculate the greatest common factor of 30 and z.
30
Let o be (-62)/(-12) - (-11)/(-66). Suppose -5*p = o*d - 295, 2*d - 139 = -3*p + 8*p. Let b = 102 - d. Calculate the highest common divisor of b and 5.
5
Let u(r) = 2*r**3 - 5*r**2 + r - 7. Let t be u(4). What is the highest common divisor of 1305 and t?
45
Let g(z) = -7 - 20*z + 7 - 1 - 69*z. Suppose 0 = 2*q - 4*u + 18, -19 = 3*q - 2*u - 2*u. Let m be g(q). What is the greatest common divisor of m and 11?
11
Let w be (-4)/(-2 + (-352)/(-172)). Let i = -82 - w. What is the highest common factor of 40 and i?
4
Suppose -3*n = -35 + 5. Suppose 20 = 5*t - 5*x, -5*x + 2 = -3*t + 10. Suppose -t*f = -f - 125. What is the greatest common divisor of n and f?
5
Suppose 2*q + 40 = 7*q. Suppose -4*f + 100 + q = 2*u, 3*f = -2*u + 110. What is the greatest common factor of u and 29?
29
Let w = -65 - -296. Suppose -3*l + 98 = 35. What is the greatest common factor of l and w?
21
Let j(f) = f**2 + 14*f - 87. Let h be j(-19). Calculate the greatest common factor of h and 24.
8
Suppose -301 - 19 = -4*o. Suppose -33 - 45 = -3*h. Let b = 36 - h. Calculate the greatest common divisor of b and o.
10
Let i be 32/10*15/6. Let c be 2 + 6/3 - (-20 + 22). Calculate the greatest common divisor of i and c.
2
Let j be (-1 + 0)/((-336)/30 - -11). What is the greatest common factor of j and 625?
5
Suppose -70 = v - 2*v. Suppose 22 - v = -4*w. Let l = -7 + w. Calculate the greatest common factor of 10 and l.
5
Let m(v) = -16*v**3 - 2*v**2 - 4*v - 3. Let j be m(-1). What is the greatest common divisor of 145 and j?
5
Let l = -2110 - -3929. What is the greatest common factor of l and 34?
17
Suppose 5*r - 86 = -26. Suppose -2*h = -2*t + 168, 0*h + r = -3*h. What is the greatest common divisor of t and 20?
20
Suppose 4*n + 10 = l - 30, -5*l + 5*n = -140. What is the greatest common divisor of 136 and l?
8
Let x be (-54)/12*6/(-9). Calculate the highest common factor of x and 27.
3
Let q = 495 + -485. Suppose 5*u - 2*f - 225 = 3*f, -u - 3*f + 65 = 0. Calculate the greatest common factor of q and u.
10
Let s(a) = a**3 + 5*a**2 + a + 5. Let j(i) = i**2 - 6*i - 4. Let k be j(6). Let n be s(k). Let b = n - -2. Calculate the greatest common divisor of b and 76.
19
Suppose -4*u + 6*n + 741 = -613, n = 5*u - 1712. Calculate the greatest common factor of u and 7.
7
Suppose -4*z = -0*z - 5*h - 420, 0 = -5*z + 5*h + 520. Let j be -4*12/(-40)*z. Calculate the highest common factor of 30 and j.
30
Let k be ((-1200)/(-45))/16*108/10. Suppose d - 5 = 0, 3*o + 3*d - 80 = 259. What is the greatest common factor of o and k?
18
Suppose 2*l - 148 - 392 = 0. What is the greatest common factor of 30 and l?
30
Let w = 5 + 64. Suppose -f - w + 2 = 0. Let j = 5 - f. What is the highest common divisor of j and 8?
8
Let m be 20/(-15)*(-2268)/24. Calculate the highest common factor of m and 7.
7
Let h = -177 - -199. Calculate the greatest common divisor of 550 and h.
22
Suppose 962 = 2*r + 2*z, 5*r - 19*z - 2455 = -14*z. Calculate the greatest common factor of r and 36.
18
Suppose -q + 5*q - 448 = 0. Let g(f) = -2*f**3 - 4*f**2 - f - 1. Let n be g(-3). Suppose -2*j = n - 48. What is the highest common factor of q and j?
14
Suppose -3*x + 176 = -4*r, -x + 3*x - 148 = -5*r. Let t be 15/(-280)*4 - 3608/(-112). What is the highest common factor of t and x?
32
Suppose 6 = -v + 4*v. Suppose 3*c - v*c = 506. Calculate the highest common divisor of 46 and c.
46
Let r = 722 - 720. Let m(l) = -l + 2. Let h be m(-6). What is the greatest common factor of h and r?
2
Let j(l) = -3*l + 51. Let k be j(16). Suppose -x + t = -45, 4*x - k*t + 5*t = 174. Calculate the greatest common divisor of 22 and x.
22
Suppose -9*j + 48 = -13*j. Let g be ((-9)/j)/(2 - 7/4). Calculate the highest common divisor of 15 and g.
3
Suppose 3*n + 2 = -v - n, 98 = -5*v + 2*n. Let x be (-1 - v/15) + 1527/15. Calculate the greatest common factor of x and 6.
6
Let p(z) = -3*z**2 + 16*z - 13. Let c be p(6). Let f(q) = -q - 22. Let r be f(c). What is the greatest common divisor of 4 and r?
1
Let m = -270 - -339. Calculate the greatest common factor of 391 and m.
23
Let v = -1168 - -1178. What is the highest common divisor of v and 50?
10
Let z be -10 - (-926 + -5 + -4). Calculate the greatest common factor of 25 and z.
25
Suppose -5*y - 360 = -2*p - 44, -2*p + 332 = -y. Suppose 0 = -5*x + 12*x - p. What is the highest common factor of 32 and x?
8
Suppose -5*w + 87 = -c, -5*w + 3*c + 11 = -70. Let x = w + -14. What is the highest common divisor of 1 and x?
1
Suppose v - 2*v = 2*w + 16, 5*v = -4*w - 44. Let s be (64 - 1)*(-4)/w. Suppose -2*i - 3*i = -315. What is the highest common factor of i and s?
21
Let p = -134 - -170. Calculate the greatest common factor of p and 144.
36
Let m be (-56)/(-6) + 14/21. Let p be (16/m)/((-12)/(-30)). Let l be 6/9 + (-112)/(-21). What is the greatest common factor of p and l?
2
Let o = -32 + 54. Calculate the highest common divisor of 176 and o.
22
Suppose -68*c = -o - 64*c + 35, -c + 15 = o. Calculate the greatest common factor of o and 1235.
19
Let o = 2149 + -2093. Calculate the greatest common factor of o and 7.
7
Let i = 4 + 15. Let s be (i/1)/((10/(-32))/(-5)). Calculate the greatest common divisor of s and 38.
38
Suppose -8*u - 111 = -1103. What is the greatest common factor of 31 and u?
31
Let y = -2753 + 4247. What is the greatest common divisor of 83 and y?
83
Suppose -10*t - 1088 = -18*t. Calculate the highest common divisor of 119 and t.
17
Let f = -343 + 433. Calculate the greatest common factor of 18 and f.
18
Suppose 778 = -131*t + 23834. Let q(x) = -3*x - 4. Let m be q(-5). What is the highest common factor of m and t?
11
Suppose -135 = -3*y - 4*z, 5*y - 2*z - 248 = -z. Suppose 28 = 23*t - 19*t. Calculate the greatest common divisor of t and y.
7
Suppose -a = 5*k - 1138, -9*a - 1144 = -5*k - 7*a. What is the highest common factor of k and 57?
57
Let v be ((-48)/15)/((-44)/110). What is the highest common divisor of 152 and v?
8
Let k = 96 + -18. Calculate the highest common divisor of 130 and k.
26
Suppose 0 = 5*t - 2*s - 23, -4*s - 4 = 4*t - 0*t. Suppose t*d - 48 = -d. Suppose -5*a + 39 + 21 = 0. What is the greatest common factor of a and d?
12
Let d be (100/15)/((-6)/(-45)). Let k be 15/3 - (2 + -2). Suppose -4*u - 5*p + 83 = -6*p, 0 = k*u + 3*p - 91. Calculate the greatest common factor of d and u.
10
Let y be ((-4)/(-3))/(9 + 3374/(-375)). What is the highest common factor of 20 and y?
20
Suppose -6*i = -4*i - 12. Let z(g) = g**3 - 8*g**2 + 12*g + 6. Let w be z(6). Calculate the highest common divisor of i and w.
6
Suppose 3*m = 3*w - 18, -w - m - 3 = -1. Let p(s) = 2 + 25*s**2 + 0 - 1 + w*s. Let y be p(2). Calculate the greatest common divisor of 21 and y.
21
Let s be (-49)/3 + (-1)/(-3). Let h = s - -16. Suppose -3*l + m + 214 = h, -l - 2*m + 74 = -m. What is the highest common divisor of l and 9?
9
Suppose 5*w - 24 = 3*w. Suppose 4*r + 34 = 98. Calculate the greatest common factor of w and r.
4
Let h(f) = 0 - 7*f**3 + 5*f + 8*f**3 + 5 - f - 6*f**2. Let j be h(7). Let d = j + -18. C